{"id":10,"date":"2023-08-24T16:30:14","date_gmt":"2023-08-24T16:30:14","guid":{"rendered":"https:\/\/tvstud-siegen.de\/?page_id=10"},"modified":"2023-09-29T12:31:06","modified_gmt":"2023-09-29T12:31:06","slug":"tv-stud-siegen-basisbewegung-fur-studentisch-beschaftigte-in-siegen","status":"publish","type":"page","link":"https:\/\/tvstud-siegen.de\/?page_id=10","title":{"rendered":"Let&#8217;s Get Organized!"},"content":{"rendered":"\n<figure class=\"wp-block-image size-large is-resized\"><img loading=\"lazy\" decoding=\"async\" src=\"https:\/\/tvstud-siegen.de\/wp-content\/uploads\/2023\/08\/photobanner-edited.jpg\" alt=\"\" class=\"wp-image-28\" style=\"width:610px;height:360px\" width=\"610\" height=\"360\"\/><figcaption class=\"wp-element-caption\">Foto: <a href=\"https:\/\/herschelmann.eu\/\">Kay Herschelmann<\/a> TVStud-Konferenz vom 24.-26.02.2023 in G\u00f6ttingen<\/figcaption><\/figure>\n\n\n\n<p>2023 kann das Jahr werden, in dem studentische Besch\u00e4ftigte erreichen, was seit 30 Jahren versucht wird: mehr Geld, l\u00e4ngere Vertragslaufzeiten, echte Mitbestimmung. Ein Tarifvertrag f\u00fcr studentische Besch\u00e4ftigte \u2013 der TVStud!<\/p>\n\n\n\n<p>Wir haben ein goldenes Zeitfenster: Es steht 11 zu 5, die Mehrheit der Landesregierungen spricht sich f\u00fcr Verbesserungen aus. Aber unsere Gespr\u00e4che mit ihnen zeigen: Gewonnen ist noch gar nichts! Und weil leider nicht nur gute Argumente z\u00e4hlen, m\u00fcssen wir mehr werden. Deshalb: Nutz das Sommersemester, um mit deinen Kolleg*innen ins Gespr\u00e4ch zu kommen \u2013 jetzt entscheidet sich, wie viele wir in der Tarifrunde im Wintersemester auf der Stra\u00dfe sein werden!<\/p>\n\n\n\n<p>Lade dazu unseren Gespr\u00e4chsbogen herunter und sprich mit deinen Kolleg*innen: [<a href=\"https:\/\/tvstud-koeln.de\/uploads\/'Ansprachebogen Formular.pdf&quot;\">Link zum PDF]<\/a><\/p>\n\n\n\n<p>Als Hilfestellung gibt es auch einen Gespr\u00e4chsleitfaden: <a href=\"https:\/\/tvstud-koeln.de\/uploads\/'Gespr\u00e4chsleitfaden_Ansprache.pdf'\">[Link zum PDF]<\/a><\/p>\n\n\n\n<p>Um die ausgef\u00fcllten B\u00f6gen zusammentragen, uns gegenseitig zu unterst\u00fctzen und auf dem aktuellen Stand zu halten, treffen wir uns regelm\u00e4\u00dfig. Schau f\u00fcr aktuelle Termine bei <a href=\"https:\/\/t.me\/joinchat\/e2fMgEWI5_ozZDcy\">Telegram<\/a> oder <a href=\"https:\/\/www.instagram.com\/tvstud_siegen\/\">Instagram<\/a> vorbei. Jenseits von Social Media erreicht ihr uns \u00fcber unsere Mail: info[@]tvstud-siegen.de<\/p>\n\n\n\n<p>Last but not least: Melde dich als TVStud-Botschafter*in an! Alle Infos dazu findest du <a href=\"https:\/\/tvstud.de\/mitmachen\/tvstud-botschafterin\/\">hier<\/a>.<\/p>\n\n\n\n<p><\/p>\n\n\n\n<p>Let\u2019s get organized to strike!<\/p>\n","protected":false},"excerpt":{"rendered":"<p>2023 kann das Jahr werden, in dem studentische Besch\u00e4ftigte erreichen, was seit 30 Jahren versucht wird: mehr Geld, l\u00e4ngere Vertragslaufzeiten, echte Mitbestimmung. Ein Tarifvertrag f\u00fcr studentische Besch\u00e4ftigte \u2013 der TVStud! Wir haben ein goldenes Zeitfenster: Es steht 11 zu 5, die Mehrheit der Landesregierungen spricht sich f\u00fcr Verbesserungen aus. Aber unsere Gespr\u00e4che mit ihnen zeigen:&hellip; <a class=\"more-link\" href=\"https:\/\/tvstud-siegen.de\/?page_id=10\"><span class=\"screen-reader-text\">Let&#8217;s Get Organized!<\/span> weiterlesen<\/a><\/p>\n","protected":false},"author":1,"featured_media":0,"parent":0,"menu_order":0,"comment_status":"closed","ping_status":"closed","template":"","meta":{"footnotes":""},"class_list":["post-10","page","type-page","status-publish","hentry","entry"],"yoast_head":"<!-- This site is optimized with the Yoast SEO plugin v26.3 - https:\/\/yoast.com\/wordpress\/plugins\/seo\/ -->\n<title>Let&#039;s Get Organized! - TV-Stud Siegen<\/title>\n<meta name=\"description\" content=\"TVStud ist eine Basisbewegung f\u00fcr die Verbesserung der Arbeitsbedingungen studentischer Besch\u00e4ftigter in K\u00f6ln. Sei dabei!\" \/>\n<meta name=\"robots\" content=\"index, follow, max-snippet:-1, max-image-preview:large, max-video-preview:-1\" \/>\n<link rel=\"canonical\" href=\"https:\/\/tvstud-siegen.de\/?page_id=10\" \/>\n<meta property=\"og:locale\" content=\"de_DE\" \/>\n<meta property=\"og:type\" content=\"article\" \/>\n<meta property=\"og:title\" content=\"Let&#039;s Get Organized! - TV-Stud Siegen\" \/>\n<meta property=\"og:description\" content=\"TVStud ist eine Basisbewegung f\u00fcr die Verbesserung der Arbeitsbedingungen studentischer Besch\u00e4ftigter in K\u00f6ln. Sei dabei!\" \/>\n<meta property=\"og:url\" content=\"https:\/\/tvstud-siegen.de\/?page_id=10\" \/>\n<meta property=\"og:site_name\" content=\"TV-Stud Siegen\" \/>\n<meta property=\"article:modified_time\" content=\"2023-09-29T12:31:06+00:00\" \/>\n<meta property=\"og:image\" content=\"https:\/\/tvstud-siegen.de\/wp-content\/uploads\/2023\/08\/photobanner-edited.jpg\" \/>\n<meta name=\"twitter:card\" content=\"summary_large_image\" \/>\n<meta name=\"twitter:label1\" content=\"Gesch\u00e4tzte Lesezeit\" \/>\n\t<meta name=\"twitter:data1\" content=\"2\u00a0Minuten\" \/>\n<script type=\"application\/ld+json\" class=\"yoast-schema-graph\">{\"@context\":\"https:\/\/schema.org\",\"@graph\":[{\"@type\":\"WebPage\",\"@id\":\"https:\/\/tvstud-siegen.de\/?page_id=10\",\"url\":\"https:\/\/tvstud-siegen.de\/?page_id=10\",\"name\":\"Let's Get Organized! - TV-Stud Siegen\",\"isPartOf\":{\"@id\":\"https:\/\/tvstud-siegen.de\/#website\"},\"primaryImageOfPage\":{\"@id\":\"https:\/\/tvstud-siegen.de\/?page_id=10#primaryimage\"},\"image\":{\"@id\":\"https:\/\/tvstud-siegen.de\/?page_id=10#primaryimage\"},\"thumbnailUrl\":\"https:\/\/tvstud-siegen.de\/wp-content\/uploads\/2023\/08\/photobanner-edited.jpg\",\"datePublished\":\"2023-08-24T16:30:14+00:00\",\"dateModified\":\"2023-09-29T12:31:06+00:00\",\"description\":\"TVStud ist eine Basisbewegung f\u00fcr die Verbesserung der Arbeitsbedingungen studentischer Besch\u00e4ftigter in K\u00f6ln. Sei dabei!\",\"breadcrumb\":{\"@id\":\"https:\/\/tvstud-siegen.de\/?page_id=10#breadcrumb\"},\"inLanguage\":\"de\",\"potentialAction\":[{\"@type\":\"ReadAction\",\"target\":[\"https:\/\/tvstud-siegen.de\/?page_id=10\"]}]},{\"@type\":\"ImageObject\",\"inLanguage\":\"de\",\"@id\":\"https:\/\/tvstud-siegen.de\/?page_id=10#primaryimage\",\"url\":\"https:\/\/tvstud-siegen.de\/wp-content\/uploads\/2023\/08\/photobanner-edited.jpg\",\"contentUrl\":\"https:\/\/tvstud-siegen.de\/wp-content\/uploads\/2023\/08\/photobanner-edited.jpg\",\"width\":2126,\"height\":1196,\"caption\":\"TVStud-Konferenz vom 24.-26.02.2023 in G\u00f6ttingen\"},{\"@type\":\"BreadcrumbList\",\"@id\":\"https:\/\/tvstud-siegen.de\/?page_id=10#breadcrumb\",\"itemListElement\":[{\"@type\":\"ListItem\",\"position\":1,\"name\":\"Home\",\"item\":\"https:\/\/tvstud-siegen.de\/\"},{\"@type\":\"ListItem\",\"position\":2,\"name\":\"Let&#8217;s Get Organized!\"}]},{\"@type\":\"WebSite\",\"@id\":\"https:\/\/tvstud-siegen.de\/#website\",\"url\":\"https:\/\/tvstud-siegen.de\/\",\"name\":\"TV-Stud Siegen\",\"description\":\"Gewerkschaftliche Basisbewegung f\u00fcr einen Tarifvertrag und Mitbestimmung f\u00fcr Studentische Besch\u00e4ftigte\",\"potentialAction\":[{\"@type\":\"SearchAction\",\"target\":{\"@type\":\"EntryPoint\",\"urlTemplate\":\"https:\/\/tvstud-siegen.de\/?s={search_term_string}\"},\"query-input\":{\"@type\":\"PropertyValueSpecification\",\"valueRequired\":true,\"valueName\":\"search_term_string\"}}],\"inLanguage\":\"de\"}]}<\/script>\n<!-- \/ Yoast SEO plugin. -->","yoast_head_json":{"title":"Let's Get Organized! - TV-Stud Siegen","description":"TVStud ist eine Basisbewegung f\u00fcr die Verbesserung der Arbeitsbedingungen studentischer Besch\u00e4ftigter in K\u00f6ln. Sei dabei!","robots":{"index":"index","follow":"follow","max-snippet":"max-snippet:-1","max-image-preview":"max-image-preview:large","max-video-preview":"max-video-preview:-1"},"canonical":"https:\/\/tvstud-siegen.de\/?page_id=10","og_locale":"de_DE","og_type":"article","og_title":"Let's Get Organized! - TV-Stud Siegen","og_description":"TVStud ist eine Basisbewegung f\u00fcr die Verbesserung der Arbeitsbedingungen studentischer Besch\u00e4ftigter in K\u00f6ln. Sei dabei!","og_url":"https:\/\/tvstud-siegen.de\/?page_id=10","og_site_name":"TV-Stud Siegen","article_modified_time":"2023-09-29T12:31:06+00:00","og_image":[{"url":"https:\/\/tvstud-siegen.de\/wp-content\/uploads\/2023\/08\/photobanner-edited.jpg","type":"","width":"","height":""}],"twitter_card":"summary_large_image","twitter_misc":{"Gesch\u00e4tzte Lesezeit":"2\u00a0Minuten"},"schema":{"@context":"https:\/\/schema.org","@graph":[{"@type":"WebPage","@id":"https:\/\/tvstud-siegen.de\/?page_id=10","url":"https:\/\/tvstud-siegen.de\/?page_id=10","name":"Let's Get Organized! - TV-Stud Siegen","isPartOf":{"@id":"https:\/\/tvstud-siegen.de\/#website"},"primaryImageOfPage":{"@id":"https:\/\/tvstud-siegen.de\/?page_id=10#primaryimage"},"image":{"@id":"https:\/\/tvstud-siegen.de\/?page_id=10#primaryimage"},"thumbnailUrl":"https:\/\/tvstud-siegen.de\/wp-content\/uploads\/2023\/08\/photobanner-edited.jpg","datePublished":"2023-08-24T16:30:14+00:00","dateModified":"2023-09-29T12:31:06+00:00","description":"TVStud ist eine Basisbewegung f\u00fcr die Verbesserung der Arbeitsbedingungen studentischer Besch\u00e4ftigter in K\u00f6ln. Sei dabei!","breadcrumb":{"@id":"https:\/\/tvstud-siegen.de\/?page_id=10#breadcrumb"},"inLanguage":"de","potentialAction":[{"@type":"ReadAction","target":["https:\/\/tvstud-siegen.de\/?page_id=10"]}]},{"@type":"ImageObject","inLanguage":"de","@id":"https:\/\/tvstud-siegen.de\/?page_id=10#primaryimage","url":"https:\/\/tvstud-siegen.de\/wp-content\/uploads\/2023\/08\/photobanner-edited.jpg","contentUrl":"https:\/\/tvstud-siegen.de\/wp-content\/uploads\/2023\/08\/photobanner-edited.jpg","width":2126,"height":1196,"caption":"TVStud-Konferenz vom 24.-26.02.2023 in G\u00f6ttingen"},{"@type":"BreadcrumbList","@id":"https:\/\/tvstud-siegen.de\/?page_id=10#breadcrumb","itemListElement":[{"@type":"ListItem","position":1,"name":"Home","item":"https:\/\/tvstud-siegen.de\/"},{"@type":"ListItem","position":2,"name":"Let&#8217;s Get Organized!"}]},{"@type":"WebSite","@id":"https:\/\/tvstud-siegen.de\/#website","url":"https:\/\/tvstud-siegen.de\/","name":"TV-Stud Siegen","description":"Gewerkschaftliche Basisbewegung f\u00fcr einen Tarifvertrag und Mitbestimmung f\u00fcr Studentische Besch\u00e4ftigte","potentialAction":[{"@type":"SearchAction","target":{"@type":"EntryPoint","urlTemplate":"https:\/\/tvstud-siegen.de\/?s={search_term_string}"},"query-input":{"@type":"PropertyValueSpecification","valueRequired":true,"valueName":"search_term_string"}}],"inLanguage":"de"}]}},"_links":{"self":[{"href":"https:\/\/tvstud-siegen.de\/index.php?rest_route=\/wp\/v2\/pages\/10","targetHints":{"allow":["GET"]}}],"collection":[{"href":"https:\/\/tvstud-siegen.de\/index.php?rest_route=\/wp\/v2\/pages"}],"about":[{"href":"https:\/\/tvstud-siegen.de\/index.php?rest_route=\/wp\/v2\/types\/page"}],"author":[{"embeddable":true,"href":"https:\/\/tvstud-siegen.de\/index.php?rest_route=\/wp\/v2\/users\/1"}],"replies":[{"embeddable":true,"href":"https:\/\/tvstud-siegen.de\/index.php?rest_route=%2Fwp%2Fv2%2Fcomments&post=10"}],"version-history":[{"count":8,"href":"https:\/\/tvstud-siegen.de\/index.php?rest_route=\/wp\/v2\/pages\/10\/revisions"}],"predecessor-version":[{"id":65,"href":"https:\/\/tvstud-siegen.de\/index.php?rest_route=\/wp\/v2\/pages\/10\/revisions\/65"}],"wp:attachment":[{"href":"https:\/\/tvstud-siegen.de\/index.php?rest_route=%2Fwp%2Fv2%2Fmedia&parent=10"}],"curies":[{"name":"wp","href":"https:\/\/api.w.org\/{rel}","templated":true}]}}

<figure class="wp-block-image size-large is-resized"><img loading="lazy" decoding="async" src="https://tvstud-siegen.de/wp-content/uploads/2023/08/photobanner-edited.jpg" alt="" class="wp-image-28" style="width:610px;height:360px" width="610" height="360"/><figcaption class="wp-element-caption">Foto: <a href="https://herschelmann.eu/">Kay Herschelmann</a> TVStud-Konferenz vom 24.-26.02.2023 in Göttingen</figcaption></figure>



<p>2023 kann das Jahr werden, in dem studentische Beschäftigte erreichen, was seit 30 Jahren versucht wird: mehr Geld, längere Vertragslaufzeiten, echte Mitbestimmung. Ein Tarifvertrag für studentische Beschäftigte – der TVStud!</p>



<p>Wir haben ein goldenes Zeitfenster: Es steht 11 zu 5, die Mehrheit der Landesregierungen spricht sich für Verbesserungen aus. Aber unsere Gespräche mit ihnen zeigen: Gewonnen ist noch gar nichts! Und weil leider nicht nur gute Argumente zählen, müssen wir mehr werden. Deshalb: Nutz das Sommersemester, um mit deinen Kolleg*innen ins Gespräch zu kommen – jetzt entscheidet sich, wie viele wir in der Tarifrunde im Wintersemester auf der Straße sein werden!</p>



<p>Lade dazu unseren Gesprächsbogen herunter und sprich mit deinen Kolleg*innen: [<a href="https://tvstud-koeln.de/uploads/'Ansprachebogen Formular.pdf&quot;">Link zum PDF]</a></p>



<p>Als Hilfestellung gibt es auch einen Gesprächsleitfaden: <a href="https://tvstud-koeln.de/uploads/'Gesprächsleitfaden_Ansprache.pdf'">[Link zum PDF]</a></p>



<p>Um die ausgefüllten Bögen zusammentragen, uns gegenseitig zu unterstützen und auf dem aktuellen Stand zu halten, treffen wir uns regelmäßig. Schau für aktuelle Termine bei <a href="https://t.me/joinchat/e2fMgEWI5_ozZDcy">Telegram</a> oder <a href="https://www.instagram.com/tvstud_siegen/">Instagram</a> vorbei. Jenseits von Social Media erreicht ihr uns über unsere Mail: info[@]tvstud-siegen.de</p>



<p>Last but not least: Melde dich als TVStud-Botschafter*in an! Alle Infos dazu findest du <a href="https://tvstud.de/mitmachen/tvstud-botschafterin/">hier</a>.</p>



<p></p>



<p>Let’s get organized to strike!</p>

<p>2023 kann das Jahr werden, in dem studentische Beschäftigte erreichen, was seit 30 Jahren versucht wird: mehr Geld, längere Vertragslaufzeiten, echte Mitbestimmung. Ein Tarifvertrag für studentische Beschäftigte – der TVStud! Wir haben ein goldenes Zeitfenster: Es steht 11 zu 5, die Mehrheit der Landesregierungen spricht sich für Verbesserungen aus. Aber unsere Gespräche mit ihnen zeigen:&hellip; <a class="more-link" href="https://tvstud-siegen.de/?page_id=10"><span class="screen-reader-text">Let&#8217;s Get Organized!</span> weiterlesen</a></p>

<!-- This site is optimized with the Yoast SEO plugin v26.3 - https://yoast.com/wordpress/plugins/seo/ -->
<title>Let&#039;s Get Organized! - TV-Stud Siegen</title>
<meta name="description" content="TVStud ist eine Basisbewegung für die Verbesserung der Arbeitsbedingungen studentischer Beschäftigter in Köln. Sei dabei!" />
<meta name="robots" content="index, follow, max-snippet:-1, max-image-preview:large, max-video-preview:-1" />
<link rel="canonical" href="https://tvstud-siegen.de/?page_id=10" />
<meta property="og:locale" content="de_DE" />
<meta property="og:type" content="article" />
<meta property="og:title" content="Let&#039;s Get Organized! - TV-Stud Siegen" />
<meta property="og:description" content="TVStud ist eine Basisbewegung für die Verbesserung der Arbeitsbedingungen studentischer Beschäftigter in Köln. Sei dabei!" />
<meta property="og:url" content="https://tvstud-siegen.de/?page_id=10" />
<meta property="og:site_name" content="TV-Stud Siegen" />
<meta property="article:modified_time" content="2023-09-29T12:31:06+00:00" />
<meta property="og:image" content="https://tvstud-siegen.de/wp-content/uploads/2023/08/photobanner-edited.jpg" />
<meta name="twitter:card" content="summary_large_image" />
<meta name="twitter:label1" content="Geschätzte Lesezeit" />
	<meta name="twitter:data1" content="2 Minuten" />
<script type="application/ld+json" class="yoast-schema-graph">{"@context":"https://schema.org","@graph":[{"@type":"WebPage","@id":"https://tvstud-siegen.de/?page_id=10","url":"https://tvstud-siegen.de/?page_id=10","name":"Let's Get Organized! - TV-Stud Siegen","isPartOf":{"@id":"https://tvstud-siegen.de/#website"},"primaryImageOfPage":{"@id":"https://tvstud-siegen.de/?page_id=10#primaryimage"},"image":{"@id":"https://tvstud-siegen.de/?page_id=10#primaryimage"},"thumbnailUrl":"https://tvstud-siegen.de/wp-content/uploads/2023/08/photobanner-edited.jpg","datePublished":"2023-08-24T16:30:14+00:00","dateModified":"2023-09-29T12:31:06+00:00","description":"TVStud ist eine Basisbewegung für die Verbesserung der Arbeitsbedingungen studentischer Beschäftigter in Köln. Sei dabei!","breadcrumb":{"@id":"https://tvstud-siegen.de/?page_id=10#breadcrumb"},"inLanguage":"de","potentialAction":[{"@type":"ReadAction","target":["https://tvstud-siegen.de/?page_id=10"]}]},{"@type":"ImageObject","inLanguage":"de","@id":"https://tvstud-siegen.de/?page_id=10#primaryimage","url":"https://tvstud-siegen.de/wp-content/uploads/2023/08/photobanner-edited.jpg","contentUrl":"https://tvstud-siegen.de/wp-content/uploads/2023/08/photobanner-edited.jpg","width":2126,"height":1196,"caption":"TVStud-Konferenz vom 24.-26.02.2023 in Göttingen"},{"@type":"BreadcrumbList","@id":"https://tvstud-siegen.de/?page_id=10#breadcrumb","itemListElement":[{"@type":"ListItem","position":1,"name":"Home","item":"https://tvstud-siegen.de/"},{"@type":"ListItem","position":2,"name":"Let&#8217;s Get Organized!"}]},{"@type":"WebSite","@id":"https://tvstud-siegen.de/#website","url":"https://tvstud-siegen.de/","name":"TV-Stud Siegen","description":"Gewerkschaftliche Basisbewegung für einen Tarifvertrag und Mitbestimmung für Studentische Beschäftigte","potentialAction":[{"@type":"SearchAction","target":{"@type":"EntryPoint","urlTemplate":"https://tvstud-siegen.de/?s={search_term_string}"},"query-input":{"@type":"PropertyValueSpecification","valueRequired":true,"valueName":"search_term_string"}}],"inLanguage":"de"}]}</script>
<!-- / Yoast SEO plugin. -->

TVStud ist eine Basisbewegung für die Verbesserung der Arbeitsbedingungen studentischer Beschäftigter in Köln. Sei dabei!

TVStud-Konferenz vom 24.-26.02.2023 in Göttingen

Gewerkschaftliche Basisbewegung für einen Tarifvertrag und Mitbestimmung für Studentische Beschäftigte
