{"id":47,"date":"2023-08-29T10:38:13","date_gmt":"2023-08-29T10:38:13","guid":{"rendered":"https:\/\/tvstud-siegen.de\/?page_id=47"},"modified":"2023-09-03T12:19:06","modified_gmt":"2023-09-03T12:19:06","slug":"jung-akademisch-prekaer","status":"publish","type":"page","link":"https:\/\/tvstud-siegen.de\/?page_id=47","title":{"rendered":"Jung, Akademisch, Prek\u00e4r"},"content":{"rendered":"<div class=\"wp-block-image\">\n<figure class=\"aligncenter size-full\"><img loading=\"lazy\" decoding=\"async\" width=\"445\" height=\"632\" src=\"https:\/\/tvstud-siegen.de\/wp-content\/uploads\/2023\/08\/grafik.png\" alt=\"\" class=\"wp-image-48\" srcset=\"https:\/\/tvstud-siegen.de\/wp-content\/uploads\/2023\/08\/grafik.png 445w, https:\/\/tvstud-siegen.de\/wp-content\/uploads\/2023\/08\/grafik-211x300.png 211w\" sizes=\"auto, (max-width: 445px) 100vw, 445px\" \/><\/figure>\n<\/div>\n\n\n<p><\/p>\n\n\n\n<p>Im Zuge der Tarifrunde der L\u00e4nder 2021 musste der Verband der Arbeitgeber*innen (TdL) den Gewerkschaften ver.di und GEW eine Zusage f\u00fcr eine \u201eBestandsaufnahme \u00fcber die Besch\u00e4ftigungsbedingungen der studentischen Hilfskr\u00e4fte\u201c geben. Erzwungen wurde diese Zusage durch den lautstarken und kreativen Kampf zahlreicher studentischer Besch\u00e4ftigte f\u00fcr bessere Arbeitsbedingungen. Erst ein Jahr nach Abschluss der TV-L-Runde am 29. November 2021, hat die Tarifgemeinschaft deutscher L\u00e4nder auf eine Gespr\u00e4chseinladung der Gewerkschaften geantwortet. Die verabredete Bestandsaufnahme haben wir deshalb in der Zwischenzeit selbst in die Hand genommen.<\/p>\n\n\n\n<p>Der gesamte Forschungsbericht kann  <a href=\"https:\/\/www.iaw.uni-bremen.de\/archiv\/mitteilungen\/detail?news=90#news90\" target=\"_blank\" rel=\"noreferrer noopener\">hier<\/a> heruntergeladen werden.<\/p>\n\n\n\n<p>Gerne kann die Studie, Jung, Akademisch, Prek\u00e4r,  auch als Ausgangspunkt f\u00fcr Forschung, Abschluss- oder Hausarbeiten genommen werden. Bei weiteren Fragen kontaktiert uns einfach per Mail (info[@]tvstud-siegen.de) oder per <a href=\"https:\/\/t.me\/joinchat\/e2fMgEWI5_ozZDcy\">Telegram<\/a> oder<a href=\"https:\/\/www.instagram.com\/tvstud_siegen\/\"> Instagram<\/a>.<\/p>\n","protected":false},"excerpt":{"rendered":"<p>Im Zuge der Tarifrunde der L\u00e4nder 2021 musste der Verband der Arbeitgeber*innen (TdL) den Gewerkschaften ver.di und GEW eine Zusage f\u00fcr eine \u201eBestandsaufnahme \u00fcber die Besch\u00e4ftigungsbedingungen der studentischen Hilfskr\u00e4fte\u201c geben. Erzwungen wurde diese Zusage durch den lautstarken und kreativen Kampf zahlreicher studentischer Besch\u00e4ftigte f\u00fcr bessere Arbeitsbedingungen. Erst ein Jahr nach Abschluss der TV-L-Runde am 29.&hellip; <a class=\"more-link\" href=\"https:\/\/tvstud-siegen.de\/?page_id=47\"><span class=\"screen-reader-text\">Jung, Akademisch, Prek\u00e4r<\/span> weiterlesen<\/a><\/p>\n","protected":false},"author":1,"featured_media":0,"parent":0,"menu_order":0,"comment_status":"closed","ping_status":"closed","template":"","meta":{"footnotes":""},"class_list":["post-47","page","type-page","status-publish","hentry","entry"],"yoast_head":"<!-- This site is optimized with the Yoast SEO plugin v26.3 - https:\/\/yoast.com\/wordpress\/plugins\/seo\/ -->\n<title>Jung, Akademisch, Prek\u00e4r - TV-Stud Siegen<\/title>\n<meta name=\"description\" content=\"JUNG,AKADEMISCH,PREK\u00c4R.Studentische Besch\u00e4ftigte an Hochschulen und Forschungseinrichtungen\" \/>\n<meta name=\"robots\" content=\"index, follow, max-snippet:-1, max-image-preview:large, max-video-preview:-1\" \/>\n<link rel=\"canonical\" href=\"https:\/\/tvstud-siegen.de\/?page_id=47\" \/>\n<meta property=\"og:locale\" content=\"de_DE\" \/>\n<meta property=\"og:type\" content=\"article\" \/>\n<meta property=\"og:title\" content=\"Jung, Akademisch, Prek\u00e4r - TV-Stud Siegen\" \/>\n<meta property=\"og:description\" content=\"JUNG,AKADEMISCH,PREK\u00c4R.Studentische Besch\u00e4ftigte an Hochschulen und Forschungseinrichtungen\" \/>\n<meta property=\"og:url\" content=\"https:\/\/tvstud-siegen.de\/?page_id=47\" \/>\n<meta property=\"og:site_name\" content=\"TV-Stud Siegen\" \/>\n<meta property=\"article:modified_time\" content=\"2023-09-03T12:19:06+00:00\" \/>\n<meta property=\"og:image\" content=\"https:\/\/tvstud-siegen.de\/wp-content\/uploads\/2023\/08\/grafik.png\" \/>\n<meta name=\"twitter:card\" content=\"summary_large_image\" \/>\n<meta name=\"twitter:label1\" content=\"Gesch\u00e4tzte Lesezeit\" \/>\n\t<meta name=\"twitter:data1\" content=\"1\u00a0Minute\" \/>\n<script type=\"application\/ld+json\" class=\"yoast-schema-graph\">{\"@context\":\"https:\/\/schema.org\",\"@graph\":[{\"@type\":\"WebPage\",\"@id\":\"https:\/\/tvstud-siegen.de\/?page_id=47\",\"url\":\"https:\/\/tvstud-siegen.de\/?page_id=47\",\"name\":\"Jung, Akademisch, Prek\u00e4r - TV-Stud Siegen\",\"isPartOf\":{\"@id\":\"https:\/\/tvstud-siegen.de\/#website\"},\"primaryImageOfPage\":{\"@id\":\"https:\/\/tvstud-siegen.de\/?page_id=47#primaryimage\"},\"image\":{\"@id\":\"https:\/\/tvstud-siegen.de\/?page_id=47#primaryimage\"},\"thumbnailUrl\":\"https:\/\/tvstud-siegen.de\/wp-content\/uploads\/2023\/08\/grafik.png\",\"datePublished\":\"2023-08-29T10:38:13+00:00\",\"dateModified\":\"2023-09-03T12:19:06+00:00\",\"description\":\"JUNG,AKADEMISCH,PREK\u00c4R.Studentische Besch\u00e4ftigte an Hochschulen und Forschungseinrichtungen\",\"breadcrumb\":{\"@id\":\"https:\/\/tvstud-siegen.de\/?page_id=47#breadcrumb\"},\"inLanguage\":\"de\",\"potentialAction\":[{\"@type\":\"ReadAction\",\"target\":[\"https:\/\/tvstud-siegen.de\/?page_id=47\"]}]},{\"@type\":\"ImageObject\",\"inLanguage\":\"de\",\"@id\":\"https:\/\/tvstud-siegen.de\/?page_id=47#primaryimage\",\"url\":\"https:\/\/tvstud-siegen.de\/wp-content\/uploads\/2023\/08\/grafik.png\",\"contentUrl\":\"https:\/\/tvstud-siegen.de\/wp-content\/uploads\/2023\/08\/grafik.png\",\"width\":445,\"height\":632},{\"@type\":\"BreadcrumbList\",\"@id\":\"https:\/\/tvstud-siegen.de\/?page_id=47#breadcrumb\",\"itemListElement\":[{\"@type\":\"ListItem\",\"position\":1,\"name\":\"Home\",\"item\":\"https:\/\/tvstud-siegen.de\/\"},{\"@type\":\"ListItem\",\"position\":2,\"name\":\"Jung, Akademisch, Prek\u00e4r\"}]},{\"@type\":\"WebSite\",\"@id\":\"https:\/\/tvstud-siegen.de\/#website\",\"url\":\"https:\/\/tvstud-siegen.de\/\",\"name\":\"TV-Stud Siegen\",\"description\":\"Gewerkschaftliche Basisbewegung f\u00fcr einen Tarifvertrag und Mitbestimmung f\u00fcr Studentische Besch\u00e4ftigte\",\"potentialAction\":[{\"@type\":\"SearchAction\",\"target\":{\"@type\":\"EntryPoint\",\"urlTemplate\":\"https:\/\/tvstud-siegen.de\/?s={search_term_string}\"},\"query-input\":{\"@type\":\"PropertyValueSpecification\",\"valueRequired\":true,\"valueName\":\"search_term_string\"}}],\"inLanguage\":\"de\"}]}<\/script>\n<!-- \/ Yoast SEO plugin. -->","yoast_head_json":{"title":"Jung, Akademisch, Prek\u00e4r - TV-Stud Siegen","description":"JUNG,AKADEMISCH,PREK\u00c4R.Studentische Besch\u00e4ftigte an Hochschulen und Forschungseinrichtungen","robots":{"index":"index","follow":"follow","max-snippet":"max-snippet:-1","max-image-preview":"max-image-preview:large","max-video-preview":"max-video-preview:-1"},"canonical":"https:\/\/tvstud-siegen.de\/?page_id=47","og_locale":"de_DE","og_type":"article","og_title":"Jung, Akademisch, Prek\u00e4r - TV-Stud Siegen","og_description":"JUNG,AKADEMISCH,PREK\u00c4R.Studentische Besch\u00e4ftigte an Hochschulen und Forschungseinrichtungen","og_url":"https:\/\/tvstud-siegen.de\/?page_id=47","og_site_name":"TV-Stud Siegen","article_modified_time":"2023-09-03T12:19:06+00:00","og_image":[{"url":"https:\/\/tvstud-siegen.de\/wp-content\/uploads\/2023\/08\/grafik.png","type":"","width":"","height":""}],"twitter_card":"summary_large_image","twitter_misc":{"Gesch\u00e4tzte Lesezeit":"1\u00a0Minute"},"schema":{"@context":"https:\/\/schema.org","@graph":[{"@type":"WebPage","@id":"https:\/\/tvstud-siegen.de\/?page_id=47","url":"https:\/\/tvstud-siegen.de\/?page_id=47","name":"Jung, Akademisch, Prek\u00e4r - TV-Stud Siegen","isPartOf":{"@id":"https:\/\/tvstud-siegen.de\/#website"},"primaryImageOfPage":{"@id":"https:\/\/tvstud-siegen.de\/?page_id=47#primaryimage"},"image":{"@id":"https:\/\/tvstud-siegen.de\/?page_id=47#primaryimage"},"thumbnailUrl":"https:\/\/tvstud-siegen.de\/wp-content\/uploads\/2023\/08\/grafik.png","datePublished":"2023-08-29T10:38:13+00:00","dateModified":"2023-09-03T12:19:06+00:00","description":"JUNG,AKADEMISCH,PREK\u00c4R.Studentische Besch\u00e4ftigte an Hochschulen und Forschungseinrichtungen","breadcrumb":{"@id":"https:\/\/tvstud-siegen.de\/?page_id=47#breadcrumb"},"inLanguage":"de","potentialAction":[{"@type":"ReadAction","target":["https:\/\/tvstud-siegen.de\/?page_id=47"]}]},{"@type":"ImageObject","inLanguage":"de","@id":"https:\/\/tvstud-siegen.de\/?page_id=47#primaryimage","url":"https:\/\/tvstud-siegen.de\/wp-content\/uploads\/2023\/08\/grafik.png","contentUrl":"https:\/\/tvstud-siegen.de\/wp-content\/uploads\/2023\/08\/grafik.png","width":445,"height":632},{"@type":"BreadcrumbList","@id":"https:\/\/tvstud-siegen.de\/?page_id=47#breadcrumb","itemListElement":[{"@type":"ListItem","position":1,"name":"Home","item":"https:\/\/tvstud-siegen.de\/"},{"@type":"ListItem","position":2,"name":"Jung, Akademisch, Prek\u00e4r"}]},{"@type":"WebSite","@id":"https:\/\/tvstud-siegen.de\/#website","url":"https:\/\/tvstud-siegen.de\/","name":"TV-Stud Siegen","description":"Gewerkschaftliche Basisbewegung f\u00fcr einen Tarifvertrag und Mitbestimmung f\u00fcr Studentische Besch\u00e4ftigte","potentialAction":[{"@type":"SearchAction","target":{"@type":"EntryPoint","urlTemplate":"https:\/\/tvstud-siegen.de\/?s={search_term_string}"},"query-input":{"@type":"PropertyValueSpecification","valueRequired":true,"valueName":"search_term_string"}}],"inLanguage":"de"}]}},"_links":{"self":[{"href":"https:\/\/tvstud-siegen.de\/index.php?rest_route=\/wp\/v2\/pages\/47","targetHints":{"allow":["GET"]}}],"collection":[{"href":"https:\/\/tvstud-siegen.de\/index.php?rest_route=\/wp\/v2\/pages"}],"about":[{"href":"https:\/\/tvstud-siegen.de\/index.php?rest_route=\/wp\/v2\/types\/page"}],"author":[{"embeddable":true,"href":"https:\/\/tvstud-siegen.de\/index.php?rest_route=\/wp\/v2\/users\/1"}],"replies":[{"embeddable":true,"href":"https:\/\/tvstud-siegen.de\/index.php?rest_route=%2Fwp%2Fv2%2Fcomments&post=47"}],"version-history":[{"count":2,"href":"https:\/\/tvstud-siegen.de\/index.php?rest_route=\/wp\/v2\/pages\/47\/revisions"}],"predecessor-version":[{"id":51,"href":"https:\/\/tvstud-siegen.de\/index.php?rest_route=\/wp\/v2\/pages\/47\/revisions\/51"}],"wp:attachment":[{"href":"https:\/\/tvstud-siegen.de\/index.php?rest_route=%2Fwp%2Fv2%2Fmedia&parent=47"}],"curies":[{"name":"wp","href":"https:\/\/api.w.org\/{rel}","templated":true}]}}

Jung, Akademisch, Prekär

<div class="wp-block-image">
<figure class="aligncenter size-full"><img loading="lazy" decoding="async" width="445" height="632" src="https://tvstud-siegen.de/wp-content/uploads/2023/08/grafik.png" alt="" class="wp-image-48" srcset="https://tvstud-siegen.de/wp-content/uploads/2023/08/grafik.png 445w, https://tvstud-siegen.de/wp-content/uploads/2023/08/grafik-211x300.png 211w" sizes="auto, (max-width: 445px) 100vw, 445px" /></figure>
</div>


<p></p>



<p>Im Zuge der Tarifrunde der Länder 2021 musste der Verband der Arbeitgeber*innen (TdL) den Gewerkschaften ver.di und GEW eine Zusage für eine „Bestandsaufnahme über die Beschäftigungsbedingungen der studentischen Hilfskräfte“ geben. Erzwungen wurde diese Zusage durch den lautstarken und kreativen Kampf zahlreicher studentischer Beschäftigte für bessere Arbeitsbedingungen. Erst ein Jahr nach Abschluss der TV-L-Runde am 29. November 2021, hat die Tarifgemeinschaft deutscher Länder auf eine Gesprächseinladung der Gewerkschaften geantwortet. Die verabredete Bestandsaufnahme haben wir deshalb in der Zwischenzeit selbst in die Hand genommen.</p>



<p>Der gesamte Forschungsbericht kann  <a href="https://www.iaw.uni-bremen.de/archiv/mitteilungen/detail?news=90#news90" target="_blank" rel="noreferrer noopener">hier</a> heruntergeladen werden.</p>



<p>Gerne kann die Studie, Jung, Akademisch, Prekär,  auch als Ausgangspunkt für Forschung, Abschluss- oder Hausarbeiten genommen werden. Bei weiteren Fragen kontaktiert uns einfach per Mail (info[@]tvstud-siegen.de) oder per <a href="https://t.me/joinchat/e2fMgEWI5_ozZDcy">Telegram</a> oder<a href="https://www.instagram.com/tvstud_siegen/"> Instagram</a>.</p>

<p>Im Zuge der Tarifrunde der Länder 2021 musste der Verband der Arbeitgeber*innen (TdL) den Gewerkschaften ver.di und GEW eine Zusage für eine „Bestandsaufnahme über die Beschäftigungsbedingungen der studentischen Hilfskräfte“ geben. Erzwungen wurde diese Zusage durch den lautstarken und kreativen Kampf zahlreicher studentischer Beschäftigte für bessere Arbeitsbedingungen. Erst ein Jahr nach Abschluss der TV-L-Runde am 29.&hellip; <a class="more-link" href="https://tvstud-siegen.de/?page_id=47"><span class="screen-reader-text">Jung, Akademisch, Prekär</span> weiterlesen</a></p>

<!-- This site is optimized with the Yoast SEO plugin v26.3 - https://yoast.com/wordpress/plugins/seo/ -->
<title>Jung, Akademisch, Prekär - TV-Stud Siegen</title>
<meta name="description" content="JUNG,AKADEMISCH,PREKÄR.Studentische Beschäftigte an Hochschulen und Forschungseinrichtungen" />
<meta name="robots" content="index, follow, max-snippet:-1, max-image-preview:large, max-video-preview:-1" />
<link rel="canonical" href="https://tvstud-siegen.de/?page_id=47" />
<meta property="og:locale" content="de_DE" />
<meta property="og:type" content="article" />
<meta property="og:title" content="Jung, Akademisch, Prekär - TV-Stud Siegen" />
<meta property="og:description" content="JUNG,AKADEMISCH,PREKÄR.Studentische Beschäftigte an Hochschulen und Forschungseinrichtungen" />
<meta property="og:url" content="https://tvstud-siegen.de/?page_id=47" />
<meta property="og:site_name" content="TV-Stud Siegen" />
<meta property="article:modified_time" content="2023-09-03T12:19:06+00:00" />
<meta property="og:image" content="https://tvstud-siegen.de/wp-content/uploads/2023/08/grafik.png" />
<meta name="twitter:card" content="summary_large_image" />
<meta name="twitter:label1" content="Geschätzte Lesezeit" />
	<meta name="twitter:data1" content="1 Minute" />
<script type="application/ld+json" class="yoast-schema-graph">{"@context":"https://schema.org","@graph":[{"@type":"WebPage","@id":"https://tvstud-siegen.de/?page_id=47","url":"https://tvstud-siegen.de/?page_id=47","name":"Jung, Akademisch, Prekär - TV-Stud Siegen","isPartOf":{"@id":"https://tvstud-siegen.de/#website"},"primaryImageOfPage":{"@id":"https://tvstud-siegen.de/?page_id=47#primaryimage"},"image":{"@id":"https://tvstud-siegen.de/?page_id=47#primaryimage"},"thumbnailUrl":"https://tvstud-siegen.de/wp-content/uploads/2023/08/grafik.png","datePublished":"2023-08-29T10:38:13+00:00","dateModified":"2023-09-03T12:19:06+00:00","description":"JUNG,AKADEMISCH,PREKÄR.Studentische Beschäftigte an Hochschulen und Forschungseinrichtungen","breadcrumb":{"@id":"https://tvstud-siegen.de/?page_id=47#breadcrumb"},"inLanguage":"de","potentialAction":[{"@type":"ReadAction","target":["https://tvstud-siegen.de/?page_id=47"]}]},{"@type":"ImageObject","inLanguage":"de","@id":"https://tvstud-siegen.de/?page_id=47#primaryimage","url":"https://tvstud-siegen.de/wp-content/uploads/2023/08/grafik.png","contentUrl":"https://tvstud-siegen.de/wp-content/uploads/2023/08/grafik.png","width":445,"height":632},{"@type":"BreadcrumbList","@id":"https://tvstud-siegen.de/?page_id=47#breadcrumb","itemListElement":[{"@type":"ListItem","position":1,"name":"Home","item":"https://tvstud-siegen.de/"},{"@type":"ListItem","position":2,"name":"Jung, Akademisch, Prekär"}]},{"@type":"WebSite","@id":"https://tvstud-siegen.de/#website","url":"https://tvstud-siegen.de/","name":"TV-Stud Siegen","description":"Gewerkschaftliche Basisbewegung für einen Tarifvertrag und Mitbestimmung für Studentische Beschäftigte","potentialAction":[{"@type":"SearchAction","target":{"@type":"EntryPoint","urlTemplate":"https://tvstud-siegen.de/?s={search_term_string}"},"query-input":{"@type":"PropertyValueSpecification","valueRequired":true,"valueName":"search_term_string"}}],"inLanguage":"de"}]}</script>
<!-- / Yoast SEO plugin. -->

Jung, Akademisch, Prekär - TV-Stud Siegen

JUNG,AKADEMISCH,PREKÄR.Studentische Beschäftigte an Hochschulen und Forschungseinrichtungen

Gewerkschaftliche Basisbewegung für einen Tarifvertrag und Mitbestimmung für Studentische Beschäftigte
